uppose -8 - 88 = -q*o. List the prime factors of o.
2, 3
Suppose -6*a = -2*a + 40. Let z = 27 - 2. Let k = a + z. What are the prime factors of k?
3, 5
Suppose 2*k = -7*s + 4*s + 1892, 932 = k + 5*s. What are the prime factors of k?
2, 7, 17
What are the prime factors of (-1 - -5)/((-1512)/(-151) - 10)?
2, 151
Suppose -2*u + 583 = 4*b - 5*u, -5*b + 690 = 4*u. List the prime factors of b.
2, 71
Suppose 0*a = -2*a - 6, -3*k - a + 30 = 0. Suppose 0 = k*o - 12*o + 123. List the prime factors of o.
3, 41
Let l be -45 + 42 - 2/1*1. Let r = 87 + l. List the prime factors of r.
2, 41
What are the prime factors of 41760/60*(-1)/(-2)?
2, 3, 29
Suppose 3*a = 2*s - 118, -a - 204 = -4*s - 3*a. Suppose 0 = -4*g - t - t - 50, 0 = -4*g - 4*t - 44. Let b = g + s. List the prime factors of b.
3, 13
Let z(c) = 5*c**2 + c + 11. List the prime factors of z(4).
5, 19
Let w = 7 - 5. Suppose -w*t = -5*t. Suppose -5*d + 2*v + 74 = 0, t*d = -2*d - 4*v + 44. List the prime factors of d.
2
Let m = 68 - 37. Suppose 0 = 3*u - m - 2. List the prime factors of u.
11
Suppose -2*k + 22 = 5*h - 0*k, 0 = 4*h - k - 15. Suppose h*b - 8 = -3*r + 5*r, 0 = b - 2*r - 5. Let l = b - -29. What are the prime factors of l?
2, 3, 5
Suppose -4*j + 1114 = -8*r + 6*r, 3*j - 2*r = 835. List the prime factors of j.
3, 31
Let s(v) = -v + 19. Suppose -3*c + 5*l = 3*l - 23, l = -4. Let h(n) = -n + 10. Let i(j) = c*h(j) - 3*s(j). List the prime factors of i(-8).
3
Suppose -44 - 52 = -8*i. What are the prime factors of 3/i - (-670)/8?
2, 3, 7
Suppose 0 = -f - o + 1355, -3*f + 2*o + 3280 = -775. Suppose f = 13*k - 2*k. What are the prime factors of k?
3, 41
Let q be 20/30 + 35/(-3). What are the prime factors of ((77/21)/q)/(1/(-87))?
29
Suppose 0 = -9*u + 7*u + 2. Let z(p) = 63*p**2 - 4*p + 3. List the prime factors of z(u).
2, 31
Suppose 10*c = 56*c - 414. Suppose 3*a = i - 245, -1320 = -5*i - a - 3*a. Suppose 4*l = c*l - i. List the prime factors of l.
2, 13
Let w(a) = 44*a**2 - a + 2. Let u be w(1). Let v = u - -27. List the prime factors of v.
2, 3
Let q be (66 + 5)/(2 - (0 - -1)). Let c = q + 49. List the prime factors of c.
2, 3, 5
List the prime factors of (-1 - -137)/(4 - 648/164).
2, 17, 41
Suppose -28*r = -42*r + 2856. List the prime factors of r.
2, 3, 17
Suppose 2*u - 2*i - 811 = 1179, -4*u - 3*i + 3973 = 0. What are the prime factors of u?
2, 7, 71
Let z(p) = -p**3 - 6*p**2 + 7*p + 2. Let k be z(-7). Suppose 2*v - 3*n = 0, 3*v = k*v - n - 5. What are the prime factors of 23 + (1 + v)*1?
3, 7
Suppose -8*x - 2*f = -4*x - 6, 5*x - 4*f = 27. Suppose 0 = -5*t + x*n - 122, -t - 4*t - 118 = -2*n. Let q = t + 38. What are the prime factors of q?
2
Let q be (-3)/((-2)/((-113)/(-3) - 5)). Let m = -40 + 14. Let s = q + m. List the prime factors of s.
23
Let i = 43 + 8. Let x = 105 - i. What are the prime factors of x?
2, 3
Let w = -6 + 14. Let c = w - 2. Suppose -3*f + c*f - 43 = r, -2*r + 4 = 0. List the prime factors of f.
3, 5
Let m = 108 + -63. Suppose 2*w - m = -4*h + 197, -h + 3*w + 43 = 0. Suppose -h = -3*d - 2*j, -3*j + j = -4. What are the prime factors of d?
2, 3
Suppose 16*f + 32175 = 41*f. What are the prime factors of f?
3, 11, 13
Let s(i) = -i**2 + 6*i + 9. Let u be s(7). Let c be 65/(-25) - u/5. List the prime factors of -5 + 4 + 0 - c.
2
Suppose -3*t = j + 50, j - t + 6*t + 44 = 0. Let k = 38 + j. List the prime factors of (-1350)/k - 6/21.
2
Let g be (-7)/((-42)/(-4))*-3. Suppose 5 = g*v - 1. Suppose -2*s = -3*c + 18, -3*c = -c + v*s + 1. List the prime factors of c.
2
Let z = 2317 - 6. What are the prime factors of z?
2311
List the prime factors of 2737/8 - (5 + 234/(-48)).
2, 3, 19
Suppose 8241 = 6*l - 1839. List the prime factors of l.
2, 3, 5, 7
Suppose 0 = -3*g + 4*h - 25, 3*g + 5*h + 14 + 29 = 0. Suppose -6*u + 2*u = -4*m + 76, -4*u + 20 = 0. Let q = m + g. What are the prime factors of q?
13
Let z be (-5)/(-2)*2/1. Suppose 0 = 3*a + 4*o - 431, z*o - 286 = -2*a + 3*o. What are the prime factors of a?
3, 47
Suppose -44*r + 14 = -43*r. Let a be (0 - -2)/((-2)/10). Let s = r + a. What are the prime factors of s?
2
Let h(m) be the third derivative of -m**4/24 + m**3/6 + 2*m**2. Let q be h(-12). Suppose -18*a + q*a = -170. List the prime factors of a.
2, 17
Let f = 53 - 48. Suppose -4*x + b + 222 = -0*b, -265 = -5*x - f*b. What are the prime factors of x?
5, 11
Let i(f) = 10*f**2 + 5*f - 5. Let s = -16 - -18. What are the prime factors of i(s)?
3, 5
Let r = -86 - -243. Suppose -3*w = 3*c - 160 - 266, w = 2*c + r. List the prime factors of w.
3, 7
Suppose 5*g + 164 - 464 = 0. Suppose y + 5*y = -222. Let u = y + g. List the prime factors of u.
23
Suppose r + 69 = 2*u, -u - 2*u - r = -96. List the prime factors of u.
3, 11
Let t be (-24)/(-204) + 70/(-17). Let c be -1 + 0 - (-38 - t). Let s = 43 - c. List the prime factors of s.
2, 5
Let z(v) be the first derivative of 27*v**2/2 + 6*v + 10. What are the prime factors of z(3)?
3, 29
Let n(t) = 79*t**3 - t**2 - t + 1. Let s be n(1). Suppose -3*b = -8*b + 520. Suppose 0*i = 4*x + 5*i - b, 2*i - s = -3*x. What are the prime factors of x?
2, 13
Let x = -474 - -1317. What are the prime factors of x?
3, 281
Suppose 2*i - 25 = 7*i - l, 3*l + 10 = -2*i. List the prime factors of (i/2)/((-1)/26).
5, 13
Let n be (-372)/(-90) + 2/(-15). Suppose -5*s = -n*u + 138, 41 = -3*u + 4*u + 2*s. List the prime factors of u.
37
Suppose 0 = 2*v - g - 4, 3 = -3*v + 4*g - 1. Suppose -141 = 2*t - v*f - 457, -3*t + 419 = 5*f. List the prime factors of t.
2, 37
Let f = -121 - -36. Let q = 159 + f. What are the prime factors of q?
2, 37
Suppose 89*c - 5070 = 84*c. List the prime factors of c.
2, 3, 13
Let p = 3156 - 1929. List the prime factors of p.
3, 409
Suppose 21*x - 3094 = 8*x. What are the prime factors of x?
2, 7, 17
Let j = -5 - 30. Let v = j - -149. What are the prime factors of v?
2, 3, 19
Let o(y) = 32*y**2 + y + 10. Let p be o(-4). Suppose 5*i = -5*q + 4*i + p, -5*q = 2*i - 521. What are the prime factors of q?
103
Let r(o) = -2*o**3 + 2*o**2. Let p be r(1). Suppose p*h + 30 = 3*h. What are the prime factors of h?
2, 5
Suppose -2*t + 29 = 5*u + t, -4*u + 3*t + 7 = 0. Suppose -u*l + 88 = -2*l. What are the prime factors of l?
2, 11
Suppose 5*j - 3*j = b - 1078, 0 = -3*j. What are the prime factors of b?
2, 7, 11
Let i(a) = -12 - 12*a - 48 - 19. What are the prime factors of i(-19)?
149
Let y(u) = u + 3. Let m be y(-12). Let a be (-9)/3 - (0 - m). What are the prime factors of (-501)/(-9) + a/(-9)?
3, 19
Let u(a) = 10*a**3 + a. Let t be u(1). Let n(l) = 2*l - 16. Let k be n(t). List the prime factors of k*(21/18 + 0).
7
Suppose -5*i + 1172 = -0*c + 3*c, 4*i - 935 = -5*c. What are the prime factors of i?
5, 47
Suppose 29015 = 4*u + 8915. List the prime factors of u.
3, 5, 67
Let t(v) = v**3 - 5*v**2 + 20*v + 28. List the prime factors of t(10).
2, 7, 13
Let v(c) = -7*c**3 - 3*c + 11. Let i(q) = 20*q**3 - q**2 + 8*q - 32. Let n(x) = -6*i(x) - 17*v(x). List the prime factors of n(6).
23
Let i be ((-578)/85)/(4/(-10)). Let o be (3/1)/(1/3). Let f = i - o. List the prime factors of f.
2
Let q(k) = -27*k + 15. List the prime factors of q(-7).
2, 3, 17
Let p = -181 - -390. List the prime factors of p.
11, 19
Let b = -506 + 780. List the prime factors of b.
2, 137
Suppose 387*r = 358*r + 14616. What are the prime factors of r?
2, 3, 7
Let x = -111 + 1903. What are the prime factors of x?
2, 7
Let x = -9 - -11. Let h(f) = 8*f**3 - 3*f + 3. List the prime factors of h(x).
61
Suppose -5 = -2*a - y, -2*y + 10 = -a + 2*a. Suppose 28 = -5*p + 43. Suppose 2*h + u = 3*u + 82, -p*h - u + 143 = a. What are the prime factors of h?
2, 23
Let i(w) = -w**3 + w**2 + 5*w - 4. Let d be i(3). Let f(v) = 7*v**2 + 44*v - 9. What are the prime factors of f(d)?
2, 13
What are the prime factors of (12*-3)/(14/(-721))?
2, 3, 103
Suppose 3540 + 10692 = 12*j. List the prime factors of j.
2, 593
Let a(j) = j**3 + 13*j**2 - 4*j - 6. Let g(o) = -6*o**3 + 13 + 11*o**3 - 6*o**3 + 13*o**2 - 2*o. Let n be g(13). What are the prime factors of a(n)?
2, 23
Let u = -2400 + 6222. List the prime factors of u.
2, 3, 7, 13
Let i be (0 + 2)/((-5)/(-10)). Suppose -1076 = -i*s - 3*u, -5*u + 552 = s + s. What are the prime factors of s?
2, 7, 19
Let j(x) = 116*x - 51. List the prime factors of j(4)